
What are the prime factors of 408?
2, 3, 17
List the prime factors of 7928.
2, 991
List the prime factors of 88018.
2, 7, 6287
List the prime factors of 11788.
2, 7, 421
What are the prime factors of 56412?
2, 3, 1567
What are the prime factors of 481?
13, 37
What are the prime factors of 16923?
3, 5641
What are the prime factors of 1857?
3, 619
What are the prime factors of 9497?
9497
List the prime factors of 60043.
97, 619
List the prime factors of 241.
241
List the prime factors of 1062.
2, 3, 59
List the prime factors of 19938.
2, 3, 3323
What are the prime factors of 1363?
29, 47
List the prime factors of 3460.
2, 5, 173
List the prime factors of 2437.
2437
What are the prime factors of 3829?
7, 547
What are the prime factors of 155?
5, 31
List the prime factors of 1789.
1789
List the prime factors of 17080.
2, 5, 7, 61
What are the prime factors of 1929?
3, 643
What are the prime factors of 553?
7, 79
List the prime factors of 2038.
2, 1019
List the prime factors of 3964.
2, 991
List the prime factors of 72842.
2, 7, 11, 43
List the prime factors of 1182.
2, 3, 197
What are the prime factors of 14987?
7, 2141
List the prime factors of 45.
3, 5
What are the prime factors of 5886?
2, 3, 109
What are the prime factors of 4284?
2, 3, 7, 17
What are the prime factors of 21755?
5, 19, 229
List the prime factors of 5851.
5851
List the prime factors of 5606.
2, 2803
What are the prime factors of 11153?
19, 587
List the prime factors of 2269.
2269
List the prime factors of 2209.
47
List the prime factors of 47616.
2, 3, 31
What are the prime factors of 23601?
3, 7867
What are the prime factors of 1000?
2, 5
What are the prime factors of 42?
2, 3, 7
List the prime factors of 1845.
3, 5, 41
What are the prime factors of 45310?
2, 5, 23, 197
What are the prime factors of 9081?
3, 1009
What are the prime factors of 167962?
2, 137, 613
What are the prime factors of 38511?
3, 11, 389
List the prime factors of 52109.
107, 487
List the prime factors of 1154.
2, 577
What are the prime factors of 37541?
7, 31, 173
List the prime factors of 883.
883
List the prime factors of 36282.
2, 3, 6047
What are the prime factors of 1099?
7, 157
What are the prime factors of 171?
3, 19
List the prime factors of 42969.
3, 14323
List the prime factors of 2565.
3, 5, 19
What are the prime factors of 7145?
5, 1429
What are the prime factors of 11151?
3, 7, 59
List the prime factors of 7.
7
What are the prime factors of 6453?
3, 239
List the prime factors of 26749.
23, 1163
List the prime factors of 164502.
2, 3, 13, 19, 37
List the prime factors of 867.
3, 17
List the prime factors of 44.
2, 11
What are the prime factors of 1260?
2, 3, 5, 7
List the prime factors of 50684.
2, 12671
List the prime factors of 128500.
2, 5, 257
List the prime factors of 229.
229
List the prime factors of 912.
2, 3, 19
What are the prime factors of 14320?
2, 5, 179
List the prime factors of 114.
2, 3, 19
List the prime factors of 26342.
2, 13171
List the prime factors of 1867.
1867
List the prime factors of 103671.
3, 11519
List the prime factors of 18877.
43, 439
List the prime factors of 1569.
3, 523
What are the prime factors of 18183?
3, 11, 19, 29
What are the prime factors of 50?
2, 5
What are the prime factors of 30803?
30803
What are the prime factors of 806?
2, 13, 31
What are the prime factors of 69165?
3, 5, 29, 53
List the prime factors of 33533.
33533
List the prime factors of 274.
2, 137
What are the prime factors of 2980?
2, 5, 149
What are the prime factors of 71850?
2, 3, 5, 479
What are the prime factors of 10015?
5, 2003
What are the prime factors of 904?
2, 113
What are the prime factors of 3005?
5, 601
List the prime factors of 45468.
2, 3, 421
List the prime factors of 957.
3, 11, 29
List the prime factors of 13741.
7, 13, 151
List the prime factors of 567.
3, 7
List the prime factors of 288.
2, 3
What are the prime factors of 595?
5, 7, 17
List the prime factors of 96312.
2, 3, 4013
What are the prime factors of 96921?
3, 11, 89
What are the prime factors of 545?
5, 109
What are the prime factors of 17533?
89, 197
What are the prime factors of 321?
3, 107
List the prime factors of 136281.
3, 45427
List the prime factors of 2848.
2, 89
What are the prime factors of 62963?
79, 797
What are the prime factors of 6784?
2, 53
List the prime factors of 1029.
3, 7
List the prime factors of 7719.
3, 31, 83
List the prime factors of 366.
2, 3, 61
What are the prime factors of 2763?
3, 307
List the prime factors of 7002.
2, 3, 389
List the prime factors of 1278.
2, 3, 71
What are the prime factors of 380?
2, 5, 19
What are the prime factors of 94080?
2, 3, 5, 7
What are the prime factors of 151371?
3, 11, 139
What are the prime factors of 19574?
2, 9787
What are the prime factors of 2903?
2903
What are the prime factors of 604?
2, 151
List the prime factors of 421.
421
List the prime factors of 55913.
11, 13, 17, 23
What are the prime factors of 4987?
4987
What are the prime factors of 7738?
2, 53, 73
List the prime factors of 60450.
2, 3, 5, 13, 31
What are the prime factors of 896?
2, 7
List the prime factors of 5052.
2, 3, 421
List the prime factors of 99382.
2, 17, 37, 79
List the prime factors of 20585.
5, 23, 179
What are the prime factors of 1807?
13, 139
What are the prime factors of 20178?
2, 3, 19, 59
What are the prime factors of 8506?
2, 4253
What are the prime factors of 7040?
2, 5, 11
List the prime factors of 3378.
2, 3, 563
List the prime factors of 1223.
1223
List the prime factors of 9283.
9283
List the prime factors of 2948.
2, 11, 67
List the prime factors of 124880.
2, 5, 7, 223
List the prime factors of 365.
5, 73
List the prime factors of 4694.
2, 2347
What are the prime factors of 1637?
1637
List the prime factors of 125421.
3, 97, 431
List the prime factors of 123729.
3, 41243
List the prime factors of 5009.
5009
What are the prime factors of 47559?
3, 83, 191
List the prime factors of 22650.
2, 3, 5, 151
List the prime factors of 3538.
2, 29, 61
List the prime factors of 4666.
2, 2333
List the prime factors of 1793.
11, 163
List the prime factors of 12625.
5, 101
What are the prime factors of 794?
2, 397
What are the prime factors of 16765?
5, 7, 479
What are the prime factors of 30970?
2, 5, 19, 163
What are the prime factors of 26310?
2, 3, 5, 877
List the prime factors of 5778.
2, 3, 107
List the prime factors of 900.
2, 3, 5
List the prime factors of 6669.
3, 13, 19
List the prime factors of 822.
2, 3, 137
What are the prime factors of 3005?
5, 601
What are the prime factors of 2798?
2, 1399
What are the prime factors of 7074?
2, 3, 131
List the prime factors of 253.
11, 23
What are the prime factors of 1657?
1657
What are the prime factors of 1172?
2, 293
List the prime factors of 4167.
3, 463
What are the prime factors of 1674?
2, 3, 31
List the prime factors of 2641.
19, 139
List the prime factors of 663.
3, 13, 17
List the prime factors of 103405.
5, 20681
List the prime factors of 2059.
29, 71
List the prime factors of 1460.
2, 5, 73
What are the prime factors of 13389?
3, 4463
What are the prime factors of 3353?
7, 479
List the prime factors of 61817.
7, 8831
What are the prime factors of 1658?
2, 829
List the prime factors of 2231.
23, 97
What are the prime factors of 11855?
5, 2371
What are the prime factors of 24493?
7, 3499
List the prime factors of 2361.
3, 787
List the prime factors of 4459.
7, 13
List the prime factors of 470.
2, 5, 47
List the prime factors of 5067.
3, 563
List the prime factors of 7735.
5, 7, 13, 17
What are the prime factors of 7232?
2, 113
List the prime factors of 16343.
59, 277
List the prime factors of 9394.
2, 7, 11, 61
List the prime factors of 12397.
7, 11, 23
What are the prime factors of 38258?
2, 11, 37, 47
What are the prime factors of 305?
5, 61
What are the prime factors of 929?
929
List the prime factors of 189.
3, 7
List the prime factors of 19837.
83, 239
List the prime factors of 7657.
13, 19, 31
What are the prime factors of 41715?
3, 5, 103
List the prime factors of 7714.
2, 7, 19, 29
List the prime factors of 3627.
3, 13, 31
What are the prime factors of 8394?
2, 3, 1399
What are the prime factors of 6619?
6619
List the prime factors of 236.
2, 59
List the prime factors of 164820.
2, 3, 5, 41